 divided by 1181.
245
Calculate the remainder when 1293205646 is divided by 11452.
11450
Calculate the remainder when 16259355 is divided by 16.
11
Calculate the remainder when 138022 is divided by 26041.
7817
What is the remainder when 26487 is divided by 23496?
2991
What is the remainder when 8607671 is divided by 26?
7
Calculate the remainder when 418537 is divided by 20914.
257
Calculate the remainder when 359047 is divided by 343.
269
What is the remainder when 16228 is divided by 380?
268
Calculate the remainder when 452432 is divided by 150678.
398
Calculate the remainder when 1132043 is divided by 1454.
831
What is the remainder when 601111 is divided by 601097?
14
Calculate the remainder when 316513 is divided by 1583.
1496
What is the remainder when 8119189 is divided by 125?
64
Calculate the remainder when 13366933 is divided by 12252.
1
Calculate the remainder when 183365 is divided by 545.
245
What is the remainder when 55438986 is divided by 59?
49
What is the remainder when 146349 is divided by 225?
99
Calculate the remainder when 1322893 is divided by 1123.
1122
Calculate the remainder when 196093 is divided by 599.
220
What is the remainder when 4980884 is divided by 39?
38
Calculate the remainder when 189477 is divided by 5597.
4776
What is the remainder when 77688994 is divided by 83?
81
What is the remainder when 4484093 is divided by 3906?
5
Calculate the remainder when 700768 is divided by 1.
0
Calculate the remainder when 1650392 is divided by 7542.
6236
What is the remainder when 28201 is divided by 22?
19
Calculate the remainder when 1685790 is divided by 2164.
34
Calculate the remainder when 302732 is divided by 100898.
38
What is the remainder when 29747 is divided by 722?
145
Calculate the remainder when 147797243 is divided by 33461.
6
Calculate the remainder when 1317113 is divided by 236.
233
What is the remainder when 11110140 is divided by 29627?
15
Calculate the remainder when 8109808 is divided by 989.
8
Calculate the remainder when 90978 is divided by 5017.
672
Calculate the remainder when 22385507 is divided by 22385505.
2
What is the remainder when 287100551 is divided by 618?
617
What is the remainder when 92476948 is divided by 673?
18
What is the remainder when 562902 is divided by 187612?
66
What is the remainder when 3549778 is divided by 2782?
2728
Calculate the remainder when 7265082 is divided by 59.
58
What is the remainder when 16691 is divided by 7797?
1097
What is the remainder when 1731378 is divided by 407?
0
What is the remainder when 1323958 is divided by 1276?
746
Calculate the remainder when 4128325 is divided by 89.
60
Calculate the remainder when 321158012 is divided by 51.
47
Calculate the remainder when 79702076 is divided by 321.
23
What is the remainder when 2544764 is divided by 1272364?
36
Calculate the remainder when 155532 is divided by 173.
5
What is the remainder when 21545902 is divided by 16?
14
Calculate the remainder when 7533477 is divided by 193166.
3
Calculate the remainder when 3119707 is divided by 177.
82
What is the remainder when 9735091 is divided by 142?
139
What is the remainder when 112121184 is divided by 6595363?
13
What is the remainder when 53024423 is divided by 2651221?
3
Calculate the remainder when 12602 is divided by 213.
35
Calculate the remainder when 3208786 is divided by 1604379.
28
What is the remainder when 8939638 is divided by 10706?
128
Calculate the remainder when 40182337 is divided by 2193.
2191
What is the remainder when 376882881 is divided by 61?
54
Calculate the remainder when 80974 is divided by 16161.
169
What is the remainder when 673431 is divided by 100?
31
What is the remainder when 67982110 is divided by 2423?
2422
What is the remainder when 660988 is divided by 854?
846
What is the remainder when 13228082 is divided by 103?
101
What is the remainder when 47970 is divided by 1825?
520
Calculate the remainder when 14229 is divided by 276.
153
What is the remainder when 5537721 is divided by 145?
26
What is the remainder when 2352760 is divided by 1529?
1158
What is the remainder when 5076417 is divided by 51799?
115
What is the remainder when 12796 is divided by 1583?
132
What is the remainder when 59363 is divided by 3943?
218
Calculate the remainder when 58380014 is divided by 5.
4
What is the remainder when 98113 is divided by 5766?
91
What is the remainder when 984096 is divided by 196792?
136
What is the remainder when 6350787 is divided by 705642?
9
Calculate the remainder when 112598 is divided by 7806.
3314
Calculate the remainder when 1117209 is divided by 2035.
2029
What is the remainder when 1042154 is divided by 134?
36
Calculate the remainder when 2840512 is divided by 405771.
115
Calculate the remainder when 587710 is divided by 891.
541
Calculate the remainder when 86911 is divided by 28574.
1189
Calculate the remainder when 1552896 is divided by 1277.
64
What is the remainder when 608587 is divided by 2009?
1869
What is the remainder when 36988128 is divided by 1990?
1988
Calculate the remainder when 473181616 is divided by 97.
96
Calculate the remainder when 1789660 is divided by 21825.
10
What is the remainder when 4107590 is divided by 318?
302
What is the remainder when 110329 is divided by 11957?
2716
What is the remainder when 10564659 is divided by 1772?
1767
What is the remainder when 199306 is divided by 99336?
634
Calculate the remainder when 133676 is divided by 133463.
213
What is the remainder when 35784509 is divided by 90?
59
Calculate the remainder when 100750 is divided by 32888.
2086
Calculate the remainder when 1503642 is divided by 375903.
30
What is the remainder when 36292 is divided by 8614?
1836
What is the remainder when 1150359 is divided by 3711?
3660
Calculate the remainder when 8422762 is divided by 1259.
52
Calculate the remainder when 4236423 is divided by 201.
147
Calculate the remainder when 250272 is divided by 71.
68
What is the remainder when 753868 is divided by 25?
18
Calculate the remainder when 1651588 is divided by 1651588.
0
Calculate the remainder when 3748211 is divided by 5370.
5321
Calculate the remainder when 2051792 is divided by 3191.
3170
What is the remainder when 5146166 is divided by 49?
39
Calculate the remainder when 108458071 is divided by 4974.
1
What is the remainder when 1464394 is divided by 2687?
2666
Calculate the remainder when 2557120 is divided by 284124.
4
What is the remainder when 1838107 is divided by 2315?
2312
Calculate the remainder when 1402742 is divided by 23379.
2
What is the remainder when 2534962 is divided by 30?
22
Calculate the remainder when 3680986 is divided by 68166.
22
What is the remainder when 183571 is divided by 1199?
124
What is the remainder when 25540361 is divided by 16?
9
Calculate the remainder when 2004659 is divided by 114.
83
What is the remainder when 207676403 is divided by 4357?
4355
Calculate the remainder when 3877179 is divided by 1705.
9
What is the remainder when 4805300 is divided by 241?
1
Calculate the remainder when 15524905 is divided by 1251.
1246
Calculate the remainder when 5697107 is divided by 132490.
37
Calculate the remainder when 32602458 is divided by 134.
124
What is the remainder when 946575 is divided by 236628?
63
Calculate the remainder when 298196 is divided by 2527.
10
What is the remainder when 1296332500 is divided by 14627?
14625
What is the remainder when 201258637 is divided by 1586?
1581
What is the remainder when 68496 is divided by 33213?
2070
Calculate the remainder when 626129 is divided by 156504.
113
What is the remainder when 712923009 is divided by 454?
453
Calculate the remainder when 1574229 is divided by 5486.
5233
Calculate the remainder when 199157 is divided by 104.
101
What is the remainder when 3150648 is divided by 3493?
3455
Calculate the remainder when 5877838 is divided by 57.
55
What is the remainder when 51945 is divided by 17289?
78
Calculate the remainder when 1881280 is divided by 38.
14
Calculate the remainder when 497411 is divided by 1106.
817
Calculate the remainder when 92727047 is divided by 21.
14
What is the remainder when 6668751 is divided by 6068?
19
Calculate the remainder when 132132 is divided by 3124.
924
Calculate the remainder when 22687